. Give m(11).
-372
Let m(o) = 808*o + 42015. Calculate m(-52).
-1
Let q(h) = -h**2 - 354*h + 2901. Give q(8).
5
Let w(c) = 4*c**2 + 142*c + 230. Determine w(-34).
26
Let h(f) = 2*f**3 + 52*f**2 + 16*f + 120. What is h(-26)?
-296
Let j(z) = -z**3 - 26*z**2 + 35*z + 197. Give j(-27).
-19
Let j(g) = 2*g**3 - 10*g**2 - 271*g + 1691. Give j(7).
-10
Let u(d) = -d**3 - 61*d**2 + 5*d - 5. What is u(-61)?
-310
Let p(s) = -24*s - 2. Give p(0).
-2
Let c(n) = 7*n + 74. Give c(-19).
-59
Let f(z) = -6*z**3 - 395*z**2 + 67*z + 237. Determine f(-66).
171
Let d(t) = 35*t**2 + 983*t + 34. What is d(-28)?
-50
Let k(j) = -13*j**3 - 276*j**2 - 65*j - 30. Determine k(-21).
12
Let d(v) = -v**3 + 25*v**2 + 20*v - 81. Calculate d(26).
-237
Let v(n) = -6705*n - 20106. Calculate v(-3).
9
Let f(r) = r**2 - 50*r + 530. Determine f(23).
-91
Let d(h) = 26*h**3 - 165*h**2 + 23*h + 1. What is d(6)?
-185
Let u(w) = -610*w + 15249. What is u(25)?
-1
Let u(w) = -34*w**2 + 37*w - 33. Calculate u(1).
-30
Let o(c) = 26*c + 96. Calculate o(-23).
-502
Let f(g) = 619*g - 5. Calculate f(0).
-5
Let f(v) = 62*v - 94. Calculate f(1).
-32
Let c(m) = -m**3 + m**2 + 3*m - 9. Give c(-2).
-3
Let h(t) = -2*t**3 + 17*t**2 + 35*t + 44. Calculate h(10).
94
Let g(c) = c**3 + 26*c**2 - 66*c - 2770. Calculate g(-24).
-34
Let d(a) = -247*a + 6640. What is d(27)?
-29
Let d(p) = 257*p - 5662. What is d(22)?
-8
Let i(z) = 872*z**3 - 3*z**2 + 3*z + 5. What is i(-1)?
-873
Let g(m) = m - 32. Determine g(8).
-24
Let o(r) = 2*r**3 + 20*r**2 - r - 3. Determine o(-4).
193
Let g(z) = 2*z**2 + 584*z - 7277. Give g(12).
19
Let w(u) = -515*u - 22622. Determine w(-44).
38
Let g(y) = 2*y**2 + 72*y + 34. Give g(-32).
-222
Let d(m) = 3401*m - 74842. What is d(22)?
-20
Let o(d) = d**3 + 100*d**2 - 531*d - 500. Calculate o(-105).
130
Let g(y) = 2*y**2 + 17*y - 1400. Give g(23).
49
Let i(d) = -287*d - 13199. Calculate i(-46).
3
Let r(m) = m**3 - 62*m**2 + 430*m - 5. Give r(54).
-113
Let o(z) = -z**2 + 25*z - 7. Give o(18).
119
Let a(j) = j**3 - 7*j**2 + 8. Give a(-4).
-168
Let y(d) = 105*d**3 - 3*d**2 - 81*d + 83. Determine y(1).
104
Let f(x) = x**3 - 2*x**2 + 29*x + 131. What is f(-3)?
-1
Let l(m) = -m**2 + m + 226. Determine l(-13).
44
Let f(b) = b**2 + 8*b - 2442. Determine f(-53).
-57
Let a(x) = x**2 - 14*x - 161. Give a(20).
-41
Let y(h) = -h**3 + 14*h**2 + 68*h - 43. Calculate y(18).
-115
Let c(l) = -50*l**2 - 93*l - 2. Give c(-2).
-16
Let q(w) = 311*w + 420. Give q(-2).
-202
Let s(k) = 2*k**3 - 8*k**2 + k + 11. Give s(3).
-4
Let a(l) = 2235*l + 11185. Determine a(-5).
10
Let p(i) = i**3 + 16*i**2 + 33*i - 21. Give p(-14).
-91
Let k(t) = 682*t - 1389. Give k(2).
-25
Let m(u) = -179*u - 1805. Calculate m(-10).
-15
Let b(t) = -t**2 - 18*t - 40. Give b(-19).
-59
Let p(y) = y - 195. What is p(-48)?
-243
Let l(r) = -r**3 + 189*r**2 - 562*r + 754. Determine l(186).
10
Let q(r) = 2*r**3 + 23*r**2 - 36*r + 11. What is q(1)?
0
Let z(h) = 4*h**2 - 425*h + 1591. Determine z(103).
252
Let s(a) = -a**3 + 15*a**2 - 5*a + 70. What is s(15)?
-5
Let f(m) = -m**2 + 10*m - 211. Determine f(19).
-382
Let n(y) = -y**3 - 56*y**2 - 59*y - 247. What is n(-55)?
-27
Let b(a) = a**3 + 7*a**2 - 59*a + 26. Determine b(-11).
191
Let n(b) = -2*b**3 + 19*b**2 + 5*b - 48. What is n(9)?
78
Let f(k) = 26*k + 171. Determine f(-9).
-63
Let l(s) = 7*s**2 - 247*s + 67. What is l(35)?
-3
Let b(j) = -2*j**3 + 27*j**2 - 30*j + 205. What is b(13)?
-16
Let x(i) = -10*i - 46. What is x(9)?
-136
Let t(n) = 2*n**2 - 20*n + 54. Determine t(3).
12
Let y(u) = -2*u**2 + 42*u + 1163. What is y(37)?
-21
Let j(c) = -65*c + 419. Calculate j(6).
29
Let x(w) = -25*w**2 + 2. Give x(-3).
-223
Let r(c) = 350*c - 2806. Give r(8).
-6
Let d(c) = -2*c**3 - 73*c**2 - 565*c - 45. Calculate d(-11).
-1
Let z(q) = -2*q**2 + 56*q + 20. Determine z(28).
20
Let v(x) = 43*x - 1100. What is v(36)?
448
Let h(z) = -6230*z + 24905. What is h(4)?
-15
Let x(c) = 3*c**2 - 118*c + 24. Determine x(31).
-751
Let l(p) = -p**2 - 9*p + 41. Determine l(-9).
41
Let j(o) = -58*o + 1436. What is j(25)?
-14
Let v(o) = 50*o + 354. Calculate v(-4).
154
Let i(d) = 308*d - 8952. What is i(29)?
-20
Let u(f) = -9*f**2 - 4*f + 30. Give u(-3).
-39
Let d(x) = -2*x**3 - 24*x**2 - 97*x - 26. What is d(-11)?
799
Let s(a) = a**3 - a**2 - 51*a + 178. Determine s(5).
23
Let l(j) = -j**3 - 10*j**2 - 5*j + 111. Give l(-5).
11
Let b(z) = 7*z + 303. Calculate b(-20).
163
Let u(c) = c**3 - 4*c**2 + 8*c - 133. What is u(10)?
547
Let i(j) = -2*j**3 - 21*j**2 + 281*j + 2894. Give i(-10).
-16
Let a(x) = 47*x**2 + 273*x - 49. What is a(-6)?
5
Let k(t) = -1044*t + 7258. Determine k(7).
-50
Let u(c) = c**3 - 99*c**2 - 1966*c + 110. Determine u(-17).
8
Let y(b) = -b**2 - 28*b + 456. Give y(-26).
508
Let m(p) = 2*p**2 - 42*p - 179. Determine m(25).
21
Let t(u) = -u**3 + 5*u**2 + 32*u - 54. Calculate t(8).
10
Let w(i) = i**3 + 3*i**2 + 40*i + 83. Calculate w(-2).
7
Let d(o) = o**2 + 61*o - 12196. Give d(-145).
-16
Let s(k) = 11*k**3 + 4*k**2 - 29*k + 32. Calculate s(2).
78
Let p(a) = -253*a - 7325. Give p(-29).
12
Let h(s) = -4*s**3 + 33*s**2 + 81*s - 7. Determine h(-3).
155
Let i(s) = 2*s**3 + 12*s**2 - 147*s + 8. What is i(6)?
-10
Let p(q) = -q**3 + 38*q**2 - 107*q + 6. Give p(35).
-64
Let d(o) = 57*o**2 + 46*o + 44. What is d(-1)?
55
Let u(c) = 11*c - 1058. Give u(88).
-90
Let s(b) = -7*b + 94. Calculate s(19).
-39
Let p(l) = -30*l**2 - 302*l + 23. Calculate p(-10).
43
Let a(c) = -c**2 - 36*c - 331. Determine a(-18).
-7
Let n(v) = 12*v + 1389. Give n(-115).
9
Let h(y) = -31*y - 752. Give h(-25).
23
Let b(x) = -x**2 - 45*x - 92. Give b(-41).
72
Let x(t) = -t**3 - 32*t**2 + 65*t - 86. Determine x(-34).
16
Let d(g) = -996*g + 10926. Determine d(11).
-30
Let j(a) = a**3 + 52*a**2 + 150*a + 146. What is j(-49)?
-1
Let k(h) = -12*h**2 - 1396*h - 456. Calculate k(-116).
8
Let s(n) = -n**3 - 50*n**2 - 79*n - 1474. What is s(-49)?
-4
Let w(u) = -u**2 + 37*u - 110. What is w(30)?
100
Let f(k) = -2*k**3 + 167*k**2 - 565*k + 374. Determine f(80).
-26
Let g(f) = f**3 - 11*f**2 - 9*f + 19. What is g(11)?
-80
Let x(z) = 2*z**2 - 16*z - 108. What is x(13)?
22
Let x(b) = -b**3 + 12*b**2 - 5*b - 29. Determine x(4).
79
Let a(f) = -f**2 + 13*f - 28. What is a(8)?
12
Let f(x) = 6*x**3 + 98*x**2 + 24*x - 132. What is f(-16)?
-4
Let b(x) = -5*x**3 + 3*x**2 + 150*x - 13. Calculate b(6).
-85
Let f(n) = 2*n**2 + 42*n + 218. What is f(-10)?
-2
Let x(d) = 34*d**2 - d - 482. Determine x(0).
-482
Let u(m) = -2*m**3 + 5*m**2 + 268*m + 1. What is u(-11)?
320
Let j(z) = -10*z - 66. What is j(18)?
-246
Let z(w) = -w**2 - 284*w + 2030. Calculate z(7).
-7
Let k(v) = 221*v**3 - 11*v - 10. What is k(-1)?
-220
Let h(y) = -166*y - 3302. What is h(-20)?
18
Let c(x) = 2*x**2 + 5882*x - 41259. Calculate c(7).
13
Let d(z) = -3*z**2 + 21*z - 13. Give d(2).
17
Let m(k) = k**2 - 40*k + 379. Determine m(24).
-5
Let d(y) = -y**3 - 2*y**2 - 13*y - 15. Calculate d(-7).
321
Let m(p) = 158*p + 4108. What is m(-26)?
0
Let t(b) = -2015*b - 6029. Determine t(-3).
16
Let u(o) = -39*o + 2285. Determine u(58).
23
Let w(g) = 2*g**3 + 367*g**2 + 543*g - 553. Give w(-182).
-7
Let p(o) = -o**2 + 3317*o + 49998. What is p(-15)?
18
Let s(p) = 14*p + 94. What is s(4)?
150
Let i(w) = -1069*w + 6421. Determine i(6).
7
Let d(o) = 554*o + 6083. Calculate d(-11).
-11
Let g(k) = -393*k + 18073. What is g(46)?
-5
Let t(k) = -3*k**2 + 61*k + 195. Determine t(24).
-69
Let h(r) = -2339*r - 18753. Determine h(-8).
-41
Let p(t) = -9*t**3 + 41*t**2 - 83*t + 1. Calculate p(2).
-73
Let i(k) = 2*k**3 - 234*k**2 + 1121*k - 95. What is i(112)?
17
Let q(a) = -941*a - 36671. What is q(-39)?
28
Let p(f) = -f**3 - 4*f**2 + 189*f + 40. Determine p(12).
4
Let g(t) = t**3 + 285*t**2 - 303*t - 4853. Determine g(-286).
9
Let w(x) = x**3 + 71*x**2 - 381*x - 5. Give w(-76).
71
Let p(l) = -9*l**2 + 183*l + 185. Give p(-1).
-7
Let j(m) = 95*m - 14444. Determine j(152).
-4
Let f(k) = 3*k**2 - 12*k - 82. What is f(-7)?
149
Let s(d) = -2*d**3 - 11*d**2 + 4*d + 24. Give s(-8).
312
Let i(c) = -15*c**3 - 96*c**2 - 18*c + 29. Calculate i(-6).
-79
Let o(s) = -4*s**2 + 64*s + 1. Give o(15).
61
Let o(a) = 103*a - 68. Determine o(-1).
-171
Let h(k) = k**2 - 89*k + 416. Determine h(85).
76
Let i(x) = -x**3 - 41*x**2 + 87*x + 43. What